, what is -40 + -125?
-165
In base 13, what is -1358 - -4?
-1354
In base 12, what is 7 - -468?
473
In base 15, what is 0 + -76?
-76
In base 6, what is 5 - -414?
423
In base 14, what is 25 + b0?
d5
In base 2, what is -10010 + 1101?
-101
In base 7, what is -2 - 125?
-130
In base 3, what is -1111 + 1012?
-22
In base 16, what is 6f + -1?
6e
In base 8, what is 57 + 40?
117
In base 6, what is 4122 - 1?
4121
In base 13, what is 43ca + 2?
43cc
In base 15, what is -4 + 4e?
4a
In base 5, what is -131 - 11?
-142
In base 9, what is 684 - -7?
702
In base 7, what is 0 + -1530?
-1530
In base 8, what is -27 - 1232?
-1261
In base 16, what is b68 + -2?
b66
In base 12, what is 2a - -1?
2b
In base 14, what is 3 + -60?
-5b
In base 10, what is 1 - -17?
18
In base 16, what is -3 + -2d6?
-2d9
In base 3, what is -2110 + 1?
-2102
In base 5, what is -1144302 - 1?
-1144303
In base 10, what is 399 - -12?
411
In base 10, what is -136 - 3?
-139
In base 11, what is -1060 - 4?
-1064
In base 15, what is 2 - -49?
4b
In base 7, what is 3 + 1221?
1224
In base 4, what is 3121 + 13?
3200
In base 13, what is -83 - 1?
-84
In base 14, what is 0 + -36?
-36
In base 5, what is 3421 + -11?
3410
In base 7, what is 223 - -1?
224
In base 3, what is 1 - -112202?
112210
In base 15, what is 2d - 3?
2a
In base 6, what is -125151 - -1?
-125150
In base 4, what is -10 - -30321?
30311
In base 6, what is 144 - -143?
331
In base 16, what is 32a + -17?
313
In base 3, what is -1001 - 21202?
-22210
In base 14, what is -2 - -19?
17
In base 7, what is -203 + 1?
-202
In base 10, what is 7783 - 2?
7781
In base 16, what is -8c + -f?
-9b
In base 5, what is -13011 + 0?
-13011
In base 14, what is -1786 + -5?
-178b
In base 12, what is -5ba + 4?
-5b6
In base 9, what is 2362 - -4?
2366
In base 13, what is 3 - 32?
-2c
In base 16, what is -162 - 0?
-162
In base 6, what is 2510 + -5?
2501
In base 12, what is 16729 - 1?
16728
In base 9, what is 3714 - 4?
3710
In base 14, what is 3 - d0a?
-d07
In base 6, what is -1 - 4315?
-4320
In base 11, what is 217 + 4?
220
In base 8, what is 324 + -1?
323
In base 15, what is 1e6 + -1?
1e5
In base 9, what is -51567 + -4?
-51572
In base 11, what is -62 + 9?
-54
In base 3, what is 22200 + -12?
22111
In base 7, what is -222 + 64?
-125
In base 15, what is -5 - -87?
82
In base 4, what is 330 - -2?
332
In base 6, what is 1 - -10035?
10040
In base 5, what is 0 + -131?
-131
In base 16, what is -3 + -965?
-968
In base 12, what is -1 - -b1?
b0
In base 14, what is -2 + bc?
ba
In base 3, what is 2210 - -2102?
12012
In base 5, what is -1 - -11220?
11214
In base 3, what is 12 - -11121?
11210
In base 5, what is -4 - 21012?
-21021
In base 3, what is -101 - -20?
-11
In base 3, what is -112 + -200?
-1012
In base 10, what is 52 + -10?
42
In base 7, what is -143 + 4?
-136
In base 14, what is -19 + 96?
7b
In base 10, what is -62 - 3?
-65
In base 15, what is 9 - -14e?
158
In base 10, what is 39 + 143?
182
In base 16, what is -18 + -2?
-1a
In base 14, what is -364 + 0?
-364
In base 7, what is 1405 - 1?
1404
In base 6, what is -52 - -1332?
1240
In base 9, what is -4 - -6?
2
In base 3, what is 0 - 22221?
-22221
In base 4, what is 0 + -12011?
-12011
In base 4, what is -20231 - 10?
-20301
In base 16, what is 5 + -24?
-1f
In base 6, what is 44 + 10?
54
In base 7, what is 2 - 132?
-130
In base 8, what is 43 - -5?
50
In base 16, what is 135 - 3?
132
In base 3, what is -2122101 + -1?
-2122102
In base 14, what is 138 + -3?
135
In base 5, what is 0 - -1043?
1043
In base 3, what is 2011 + 100?
2111
In base 2, what is 101001001 + 1000?
101010001
In base 3, what is 2 - -1200?
1202
In base 2, what is 11110 + 111011?
1011001
In base 6, what is -3 + -112?
-115
In base 9, what is -2028 + 2?
-2026
In base 7, what is -3 + -130?
-133
In base 10, what is -12 + 282?
270
In base 15, what is -3 - e66?
-e69
In base 13, what is -9 + 4?
-5
In base 13, what is -2 - ca6?
-ca8
In base 10, what is 749 - -11?
760
In base 4, what is 11 + -2013?
-2002
In base 15, what is 26 - 15c?
-136
In base 11, what is -12 + -7?
-19
In base 3, what is -2 + 2200121?
2200112
In base 8, what is -555 + -5?
-562
In base 11, what is 4 - -43?
47
In base 8, what is 2 + 23?
25
In base 11, what is 45 + 18?
62
In base 5, what is 4 + 1423?
1432
In base 14, what is 33 - -6c?
a1
In base 4, what is 22132 - -11?
22203
In base 12, what is 74 - 27?
49
In base 13, what is 142 + 3?
145
In base 14, what is -22c9 + 5?
-22c4
In base 6, what is -304 + 1?
-303
In base 8, what is -7076 + -1?
-7077
In base 4, what is 3 + 232?
301
In base 7, what is 5 + -62?
-54
In base 3, what is 10 + -10211?
-10201
In base 7, what is -5035 + 4?
-5031
In base 7, what is 1056 + 30?
1116
In base 4, what is -11 + -133?
-210
In base 3, what is -22 - 1221222?
-1222021
In base 2, what is 1000 - 101001011111?
-101001010111
In base 3, what is -120 - -1002121?
1002001
In base 11, what is 144 - -10?
154
In base 6, what is -1321 - -1?
-1320
In base 9, what is -2 - 581?
-583
In base 3, what is 0 + 20122?
20122
In base 7, what is -5642 - 12?
-5654
In base 7, what is 540 - 4?
533
In base 14, what is 19 + -6?
13
In base 12, what is -1329 - 2?
-132b
In base 13, what is 5c - 13?
49
In base 12, what is 5 + -26?
-21
In base 14, what is 12c - a?
122
In base 16, what is -ab + 22?
-89
In base 16, what is 0 + -45c?
-45c
In base 9, what is -5 - 3?
-8
In base 11, what is 11 - 1072?
-1061
In base 6, what is 331 - -13?
344
In base 13, what is -18 + -1?
-19
In base 3, what is 22 - 10110?
-10011
In base 15, what is -25 + 5d?
38
In base 7, what is -323 + -1?
-324
In base 3, what is -221 + -110?
-1101
In base 8, what is 660 + -5?
653
In base 5, what is 4 + -1034?
-1030
In base 5, what is 1241 - 2?
1234
In base 12, what is -7 - 99?
-a4
In base 5, what is 22320 + 4?
22324
In base 13, what is -1 + -a5?
-a6
In base 6, what is -11 - -245?
234
In base 15, what is c4 - -1?
c5
In base 9, what is 1007 + -8?
888
In base 14, what is -51 + -2b?
-7c
In base 4, what is -2 - -101221?
101213
In base 16, what is 190d - 0?
190d
In base 13, what is -2 - 2417?
-2419
In base 14, what is 15 + -3?
12
In base 5, what is -112 + 110?
-2
In base 14, what is -b - 69c?
-6a9
In base 2, what is 10 - -110010100?
110010110
In base 3, what is 1222 - 100122?
-21200
In base 8, what is 7 + 0?
7
In base 4, what is -10 + -2103?
-2113
In base 6, what is -34 - -15?
-15
In base 7, what is 31 + -20?
11
In base 14, what is 2 - 62?
-60
In base 4, what is -1030110 + 1?
-1030103
In base 6, what is 1 + 1002?
1003
In base 6, what is -1040 - -4?
-1032
In base 3, what is -1020020 + -2?
-1020022
In base 4, what is -3 - 1120331?
-1121000
In base 5, what is 14 - 22100?
-22031
In base 6, what is -2 - 1202?
-1204
In base 10, what is -3764 + 4?
-3760
In base 3, what is -1 + 1?
0
In base 14, what is 4 - 350?
-34a
In base 13, what is -5 + 194?
18c
In base 7, what is 353 + 2?
355
In base 6, what is 3 - -1315?
1322
In base 15, what is 1 + -6?
-5
In base 3, what is -2100102 - 210?
-2101012
In base 4, what is 23213 + -11?
23202
In base 13, what is 54a + 4?
551
In base 8, what is 346 + -1?
345
In base 2, what is -10 - -1110011?
1110001
In base 15, what is 164c - -2?
164e
In base 9, what is -1334 - 3?
-1337
In base 9, what is -21 - -5?
-15
In base 3, what is -201 - -2202?
2001
In base 3, what is 0 + -12121?
-12121
In base 2, what is 100 - 1100001010110?
-1100001010010
In base 4, what is -203 - 1113?
-1322
In base 10, what is 8 + -8?
0
In base 4, what is 3302 + -22?
3220
In base 9, what is 17 - 3?
14
In base 9, what is 0 - 1472?
-1472
In base 10, what is 5 + 90?
95
In base 4, what is -1122 + 10?
-1112
In base 2, what is -1100 + -111011111?
-111101011
In base 5, what is -40011 + -2?
-40013
In base 16, what is 4b - -1?
4c
In base 2, what is 1 - 101001110?
-101001101
In base 5, what is 21 + 243?
314
In base 6, what is 42551 - 0?
42551
In base 12, what is 4 - -272?
276
In base 15, what is d3 + 4b?
12e
In base 6, what is 10 - -21?
31
In base 7, what is -2 + 1166?
1164
In base 7, what is -24 - 1162?
-1216
In base 8, what is -5 + -606?
-613
In base 16, what is -27 + 63?
3c
In base 5, what is 1 - 2304?
-2303
In base 3, what is 1200012 + 12?
1200101
In base 6, what is 43 - 21?
22
In base 12, what is 107 + 6?
111
In base 4, what is -1310300 + 10?
-1310230
In base 15, what is -1 - -2d?
2c
In base